- 18. Is (-12132)/(-10) + t/15 composite?
False
Suppose -5*h - 3*m - 38 = -128, -3*m + 15 = 0. Suppose -h*u + 78914 = 7*u. Is u prime?
False
Let r(u) be the third derivative of u**6/10 - u**5/20 - 17*u**4/24 - 11*u**3/6 + 20*u**2. Is r(6) prime?
True
Let w(j) = j**3 - 9*j**2 + 4*j + 4. Let f = -82 - -91. Let l be w(f). Is ((-79)/4)/(1*(-5)/l) a composite number?
True
Let z(u) be the third derivative of 931*u**4/12 - 13*u**3/6 + 45*u**2. Is z(2) composite?
True
Is (46036194/615)/(2/10) composite?
True
Let k = 33 + -37. Is (11*(-4)/8)/(k/4168) a prime number?
False
Suppose 2*v - 2*w - 4 = v, 5*w + 5 = 5*v. Let t(y) = 0 + 9 - 102*y - 172*y. Is t(v) a composite number?
False
Suppose -35*r - 75460 = -21*r. Let l = r - -10377. Is l prime?
True
Let d(m) = -168110*m + 4481. Is d(-10) composite?
False
Let u(l) = l**3 + 8*l**2 + 2*l - 1. Let q be u(6). Let y = 610 + q. Suppose 4*s = y + 831. Is s prime?
False
Is ((-11)/5)/(16/(-939104))*55/22 a prime number?
False
Suppose 23*b - 83*b = -41*b - 317243. Is b a prime number?
False
Is ((-124490)/35)/((176/(-77))/8) prime?
False
Let p be 6*((-27)/(-54) + (-6970)/12). Let i = p + 6781. Is i a prime number?
True
Let g(i) = 13*i**2 + 368*i + 1009. Is g(112) a prime number?
True
Let d be (-5860)/(-8) - (-4)/8. Let r be d/(-1*2/(-4)). Suppose k = 3*t - r, -2420 = -5*t - 5*k + 2*k. Is t a prime number?
True
Let s(d) = 48*d**2 + 7*d. Let p be ((-32)/5)/((-102)/(-15) - 7). Suppose 5*h + p = 7. Is s(h) composite?
True
Suppose 5257343 = -551*s + 642*s. Is s a composite number?
False
Let v be 54 - ((-62)/(-15) + 8/(-60)). Suppose -5*u + 3*g + v = 0, -2*u + 4*g - 2*g = -20. Is u/15 - (-69460)/12 a composite number?
True
Let c be (-11)/((-44)/1875) - 7/(-28). Let t = c + 452. Is t composite?
True
Is 132495 + (-2)/4*0/(-1) + -4 prime?
True
Is 1 + 56006/6 + (-17 - 1176/(-63)) a prime number?
True
Let r(a) = -a**3 + a**2 + 2*a + 919. Let z be r(0). Let j = z + -501. Suppose 0 = -2*t + 610 + j. Is t a composite number?
True
Is 10/(30/56787) + -10 composite?
False
Let j(q) = 2*q**3 + 5*q**2 - q - 1. Let p(o) = o**3 + 6*o**2 - 2*o. Let c be 10/4*(-1)/((-15)/18). Let b(t) = c*p(t) - 4*j(t). Is b(-3) prime?
True
Let d(v) = 66*v + 329. Suppose -10*j + 308 = 78. Is d(j) a composite number?
False
Suppose 11*y = 16*y + 25. Let r be (-10)/(-4) - y/(-10). Suppose 4865 = r*p - v, -v + 2 = -3. Is p composite?
True
Suppose 0 = 3*s + 3*f + 15174 - 564, -3*f + 24350 = -5*s. Let z = s - -7424. Is z composite?
True
Let q(n) = -2895*n**3 - 5*n**2 - 10*n - 219. Is q(-7) composite?
False
Is (-35)/(4165/(-34)) + (-1329)/21*-5179 a prime number?
True
Suppose 0 = 2*i - 38 - 8. Suppose i*k = 22*k + 1921. Is k a composite number?
True
Suppose 2740*b - 2811*b = -220919269. Is b prime?
True
Let j = -22134 - -39005. Is j composite?
False
Suppose -2*b - 12 = 12. Suppose -4*k - 5*c - 10 = 13, -2*c + 4 = -5*k. Is (b/(-18))/(k/(-894)) prime?
False
Let l be (-8)/24*-16*(2 - 5/(-5)). Let y(d) = d**2 - d. Let q(k) = -5*k**2 + 11*k + 25. Let b(j) = -q(j) - 3*y(j). Is b(l) prime?
True
Let u(j) = 2*j - 33 + 101*j**2 + 5*j - 79*j**2 - j. Is u(-13) prime?
True
Let r be (27756/(-10))/(630/(-100) + 6). Let n = -4531 + r. Is n a composite number?
False
Suppose 0 = 4*t - 16*w + 13*w - 23901, 5*t - 5*w = 29870. Is t prime?
False
Let u be 1292/(-6) + (-31)/(-93). Is 8/10 + (-2251523)/u composite?
True
Is 79539 + (546/(-63) - (4 - 70/15)) a prime number?
True
Suppose 15*q - 753610 = 44855. Is q composite?
False
Let h be (56/(-12) + 4)*-3. Let f(m) = 6*m + 5*m**h - 2*m + m - 5 - 2. Is f(6) composite?
True
Suppose -26619*f + 26609*f + 1908070 = 0. Is f composite?
False
Let a = 60 + -56. Suppose 4*h + 4 = -a*z, -3*z - z - 1 = h. Suppose z = 2*c + 5*c - 1421. Is c prime?
False
Let k = 110888 - -6419. Is k composite?
False
Is 105429*340/51 + -21 prime?
False
Suppose -4*z = -r - 16, 0 = z + 5*r + 3 - 28. Suppose 4*m = 2*a + 13096, 2*m - 5*m + z*a + 9822 = 0. Is m a prime number?
False
Suppose 0 = 5*n + k + 2, 0 = -5*n + n + 4*k + 8. Is -3 + (6882 - n)*20/12 a composite number?
False
Let t(p) = 486*p - 8. Let q(b) = 484*b - 6. Let c(j) = -6*q(j) + 5*t(j). Is c(-3) prime?
False
Let v = -32452 - -62789. Is v composite?
True
Let o(v) = 107*v**3 + 3*v**2 - v + 5. Suppose -4 = -3*a - c, -3*a + 5*c + 34 = -0*a. Let u be o(a). Let s = u - 1767. Is s prime?
True
Let o be (-104*8/(-256))/((-2)/(-8)). Suppose 249313 = o*w + 16*w. Is w prime?
True
Is ((-14137399)/(-146))/(((-3)/4)/(3/(-2))) composite?
False
Let a(y) = 53*y + 641. Let s be (11 - 32/4) + -3. Is a(s) prime?
True
Let g(c) = c**3 + 21*c**2 + 3*c + 107. Let w be g(-21). Suppose -66*h = -w*h - 1022098. Is h a composite number?
True
Let j(b) = -b**2 - 1370 + 2*b**2 + 67*b - 65*b. Let y be j(0). Let t = y - -2133. Is t composite?
True
Let q be -10*((-16)/10 - -2). Let y be (0 - -1) + 7 + q. Is 258/y*-1*40/(-12) a prime number?
False
Let z = 20705 - -34866. Is z composite?
True
Let j = 535 + -533. Is (-89)/1*j*119/(-14) prime?
False
Suppose -3*v + 0 = -3, -6861 = -r + 3*v. Suppose 3*p = 2*p + r. Suppose -p + 570 = -6*n. Is n prime?
True
Let y(m) = -m**3 - 7*m + 9. Suppose 25*o - 30 = 30*o. Is y(o) a prime number?
False
Is 70118/(12 + (2 - 12)) prime?
True
Let l = -3 - -8. Let u(q) = -q**2 - 16*q + 12. Let y be u(-16). Suppose 2*z = -5*a + 1099, -l*a + a - y = 0. Is z a composite number?
False
Suppose 15 = -5*a + 5*l, -l = -3*a + 3*l - 14. Suppose -4*o + 6*o + 3*h = 295, 0 = 4*o - a*h - 550. Is 2/(-8) - (-408555)/o a composite number?
True
Let o = -40 - -35. Let i be -4 + (-5)/(o/4). Is -809*4/(-4 + i) prime?
True
Let x = 582 - -453. Let m = -544 + x. Is m prime?
True
Let r = -99942 + 195263. Is r prime?
False
Let m(i) = 2974*i**3 - 8*i + 7. Is m(2) a prime number?
False
Suppose -139 + 4 = -3*i. Suppose i*z + 2 = 46*z. Suppose z*d - 3*u - 2627 = 0, 2*d = -2*u + 1673 + 959. Is d prime?
False
Let q be ((-6)/16)/(165/88 - 2). Is (-6121*2)/(q*(-14)/21) a prime number?
True
Is (-1)/(-6)*265700682/117 prime?
False
Suppose -51*s + 4*p + 37355 = -48*s, -4*s + p = -49798. Is s composite?
True
Let o be (-4)/(-10) + (-6 - 301/(-35)). Suppose 3*i - 32 + o = -n, 0 = 5*i + 5*n - 55. Suppose -i*r + 1625 = -94. Is r a composite number?
False
Suppose -2*y + 5*q - 1 = 0, 5*q - 12 = -4*y + q. Suppose 2*b = 3*m - 5197, 4*m - 3463 = y*m + 3*b. Is m prime?
True
Suppose 4*j + 13635 = 260471. Suppose 12*z = -11*z + j. Is z prime?
True
Is 6/(-16) + (-12270615)/(-552) composite?
False
Suppose -2406839 = -3*i - 2*r, r + 1086599 - 284321 = i. Is i a composite number?
False
Let w be (-273)/(-12) - (-18)/(-24). Is (-4)/w + 455699/253 prime?
True
Let a = -78837 - -144914. Is a a prime number?
False
Let u = 35 - 19. Suppose 11*b + u = 15*b. Suppose 349 = 3*r - 0*r + 4*y, b*y = -5*r + 587. Is r a prime number?
False
Let b(r) = 56585*r - 1119. Is b(2) a composite number?
True
Is -4 - (0 - -5)*-1 - -13620 a composite number?
True
Let g(c) = 12*c - 402. Let p be g(34). Is -2 - 4*-373 - (-2 + p) composite?
True
Suppose r - 4*d = 27543, 107*d + 137692 = 5*r + 110*d. Is r a prime number?
True
Let g(h) = 3*h**3 - 29*h**2 - 3*h + 811. Is g(24) a prime number?
False
Let m be (-16 + -2)*(-4)/(32/(-12)). Let x = 1285 - m. Suppose 4*u - 628 - x = 0. Is u a composite number?
True
Suppose -2*m - m - 507 = 0. Let o = 684 - m. Is o a prime number?
True
Suppose -3*q - 10*h + 7*h + 15 = 0, 5*q - 4*h = -2. Suppose q*y - 7491 = -4*v + 903, -5*y + 3*v = -20985. Is y composite?
True
Let p be 1 + 1 + 3704 - 2. Let b be (p/(-12))/(4/(-6)). Suppose -m - b = -3*w - 1098, w + 4 = 0. Is m a prime number?
False
Let u(d) be the first derivative of 2*d**3/3 - 6*d**2 + 3*d - 37. Let f be u(6). Let p(q) = 218*q - 13. Is p(f) a composite number?
False
Suppose -21*x + 84327 = -20*x - 4*y, 2*y + 252911 = 3*x. Is x composite?
False
Let t be ((-80604)/(-6))/(3/(-4)). Let v = 27685 + t. Is v a prime number?
False
Suppose 6*g - 544347 = -5*i, 6*i - 6 = 4*i. Is g a composite number?
True
Let h(t) = -3*t - 47. Let s be h(26). Let c = s - -143. Let p(b) = 17*b + 25. Is p(c) prime?
True
Let q(a) = -a**2 - 4*a + 9. Let z be q(-5). Suppose m - 5942 = -4*h - h, -z*h - 2*m + 4750 = 0. Is h composite?
True
Suppose 0 = i - g - 11704, -5*i + g = 10407 - 68927. Suppose -34*r + i + 7030 = 0. Is r composite?
True